{"id":18194,"date":"2015-06-17T14:35:50","date_gmt":"2015-06-17T12:35:50","guid":{"rendered":"https:\/\/rue-oktoberfest.de\/koning-lodewijk\/"},"modified":"2026-03-24T13:49:57","modified_gmt":"2026-03-24T12:49:57","slug":"koning-lodewijk","status":"publish","type":"page","link":"https:\/\/rue-oktoberfest.de\/nl\/koning-lodewijk\/","title":{"rendered":"K\u00f6nig Ludwig"},"content":{"rendered":"<div class=\"wpb-content-wrapper\"><p>[vc_row css_animation=&#8221;&#8221; row_type=&#8221;row&#8221; use_row_as_full_screen_section=&#8221;no&#8221; type=&#8221;full_width&#8221; angled_section=&#8221;no&#8221; text_align=&#8221;left&#8221; background_image_as_pattern=&#8221;without_pattern&#8221;][vc_column][vc_column_text]<\/p>\n<h2 style=\"text-align: center;\"> K\u00f6nig Ludwig<\/h2>\n<p>[\/vc_column_text][vc_empty_space][\/vc_column][\/vc_row][vc_row css_animation=&#8221;&#8221; row_type=&#8221;row&#8221; use_row_as_full_screen_section=&#8221;no&#8221; type=&#8221;full_width&#8221; angled_section=&#8221;no&#8221; text_align=&#8221;left&#8221; background_image_as_pattern=&#8221;without_pattern&#8221;][vc_column width=&#8221;1\/6&#8243;][vc_single_image image=&#8221;15263&#8243; img_size=&#8221;120&#215;120&#8243; style=&#8221;vc_box_shadow_3d&#8221; qode_css_animation=&#8221;&#8221;][\/vc_column][vc_column width=&#8221;5\/6&#8243;][vc_column_text]<\/p>\n<p style=\"text-align: center;\">Ons festivalbier: Er is geen ander bier,<\/p>\n<p style=\"text-align: center;\">met meer geschiedenis van het Oktoberfest in M\u00fcnchen dan ons festivalbier:<\/p>\n<p>[\/vc_column_text][vc_column_text]<\/p>\n<p style=\"text-align: center;\">Op 12 oktober 1810 werd er een paardenrace gehouden voor de stadspoorten om het huwelijk van kroonprins Ludwig met prinses Therese te vieren. Het festival was een groot succes en is voor herhaling vatbaar.<\/p>\n<p>[\/vc_column_text][vc_empty_space height=&#8221;16px&#8221;][\/vc_column][\/vc_row][vc_row css_animation=&#8221;&#8221; row_type=&#8221;row&#8221; use_row_as_full_screen_section=&#8221;no&#8221; type=&#8221;full_width&#8221; angled_section=&#8221;no&#8221; text_align=&#8221;left&#8221; background_image_as_pattern=&#8221;without_pattern&#8221;][vc_column][vc_column_text]<\/p>\n<p style=\"text-align: center;\">In een 200-jarige geschiedenis leidde dit huwelijk tot het grootste openbare festival ter wereld en tegelijkertijd kreeg de Theresienwiese ook zijn naam.<\/p>\n<p>[\/vc_column_text][vc_empty_space height=&#8221;16px&#8221;][vc_column_text]<\/p>\n<p style=\"text-align: center;\">Ondertussen behoort de K\u00f6nig Ludwig Brouwerij tot de Warsteiner Brouwerij Group en biedt dus een uitstekende synergie van ondersteuning en traditie.<\/p>\n<p>[\/vc_column_text][vc_empty_space height=&#8221;16px&#8221;][vc_column_text]<\/p>\n<p style=\"text-align: center;\">Als organisatoren van het R\u00fc Oktoberfest zijn we erg trots om een bier van de tap te hebben met zo&#8217;n bepalende Oktoberfestgeschiedenis!<\/p>\n<p>[\/vc_column_text][\/vc_column][\/vc_row][vc_row css_animation=&#8221;&#8221; row_type=&#8221;row&#8221; use_row_as_full_screen_section=&#8221;no&#8221; type=&#8221;full_width&#8221; angled_section=&#8221;no&#8221; text_align=&#8221;left&#8221; background_image_as_pattern=&#8221;without_pattern&#8221;][vc_column][vc_empty_space height=&#8221;64px&#8221;][\/vc_column][\/vc_row]<\/p>\n<\/div>","protected":false},"excerpt":{"rendered":"<p>[vc_row css_animation=&#8221;&#8221; row_type=&#8221;row&#8221; use_row_as_full_screen_section=&#8221;no&#8221; type=&#8221;full_width&#8221; angled_section=&#8221;no&#8221; text_align=&#8221;left&#8221; background_image_as_pattern=&#8221;without_pattern&#8221;][vc_column][vc_column_text] K\u00f6nig Ludwig [\/vc_column_text][vc_empty_space][\/vc_column][\/vc_row][vc_row css_animation=&#8221;&#8221; row_type=&#8221;row&#8221; use_row_as_full_screen_section=&#8221;no&#8221; type=&#8221;full_width&#8221; angled_section=&#8221;no&#8221; text_align=&#8221;left&#8221; background_image_as_pattern=&#8221;without_pattern&#8221;][vc_column width=&#8221;1\/6&#8243;][vc_single_image image=&#8221;15263&#8243; img_size=&#8221;120&#215;120&#8243; style=&#8221;vc_box_shadow_3d&#8221; qode_css_animation=&#8221;&#8221;][\/vc_column][vc_column width=&#8221;5\/6&#8243;][vc_column_text] Ons festivalbier: Er is geen ander bier, met meer geschiedenis van het Oktoberfest in M\u00fcnchen dan ons festivalbier: [\/vc_column_text][vc_column_text] Op 12&#8230;<\/p>\n","protected":false},"author":10,"featured_media":0,"parent":0,"menu_order":0,"comment_status":"closed","ping_status":"closed","template":"","meta":{"footnotes":""},"class_list":["post-18194","page","type-page","status-publish","hentry"],"yoast_head":"<!-- This site is optimized with the Yoast SEO plugin v27.4 - https:\/\/yoast.com\/product\/yoast-seo-wordpress\/ -->\n<title>Koning Ludwig: het feestbier van het R\u00dc Oktoberfest<\/title>\n<meta name=\"description\" content=\"K\u00f6nig Ludwig Hell is het offici\u00eble festivalbier van het R\u00dc Oktoberfest. Het bier met de diepste wortels in de geschiedenis van het Oktoberfest in M\u00fcnchen.\" \/>\n<meta name=\"robots\" content=\"index, follow, max-snippet:-1, max-image-preview:large, max-video-preview:-1\" \/>\n<link rel=\"canonical\" href=\"https:\/\/rue-oktoberfest.de\/nl\/koning-lodewijk\/\" \/>\n<meta property=\"og:locale\" content=\"nl_NL\" \/>\n<meta property=\"og:type\" content=\"article\" \/>\n<meta property=\"og:title\" content=\"Koning Ludwig: het feestbier van het R\u00dc Oktoberfest\" \/>\n<meta property=\"og:description\" content=\"K\u00f6nig Ludwig Hell is het offici\u00eble festivalbier van het R\u00dc Oktoberfest. Het bier met de diepste wortels in de geschiedenis van het Oktoberfest in M\u00fcnchen.\" \/>\n<meta property=\"og:url\" content=\"https:\/\/rue-oktoberfest.de\/nl\/koning-lodewijk\/\" \/>\n<meta property=\"og:site_name\" content=\"R\u00dc Oktoberfest\" \/>\n<meta property=\"article:modified_time\" content=\"2026-03-24T12:49:57+00:00\" \/>\n<meta name=\"twitter:card\" content=\"summary_large_image\" \/>\n<meta name=\"twitter:label1\" content=\"Geschatte leestijd\" \/>\n\t<meta name=\"twitter:data1\" content=\"2 minuten\" \/>\n<script type=\"application\/ld+json\" class=\"yoast-schema-graph\">{\"@context\":\"https:\\\/\\\/schema.org\",\"@graph\":[{\"@type\":\"WebPage\",\"@id\":\"https:\\\/\\\/rue-oktoberfest.de\\\/nl\\\/koning-lodewijk\\\/\",\"url\":\"https:\\\/\\\/rue-oktoberfest.de\\\/nl\\\/koning-lodewijk\\\/\",\"name\":\"Koning Ludwig: het feestbier van het R\u00dc Oktoberfest\",\"isPartOf\":{\"@id\":\"https:\\\/\\\/rue-oktoberfest.de\\\/#website\"},\"datePublished\":\"2015-06-17T12:35:50+00:00\",\"dateModified\":\"2026-03-24T12:49:57+00:00\",\"description\":\"K\u00f6nig Ludwig Hell is het offici\u00eble festivalbier van het R\u00dc Oktoberfest. Het bier met de diepste wortels in de geschiedenis van het Oktoberfest in M\u00fcnchen.\",\"breadcrumb\":{\"@id\":\"https:\\\/\\\/rue-oktoberfest.de\\\/nl\\\/koning-lodewijk\\\/#breadcrumb\"},\"inLanguage\":\"nl-NL\",\"potentialAction\":[{\"@type\":\"ReadAction\",\"target\":[\"https:\\\/\\\/rue-oktoberfest.de\\\/nl\\\/koning-lodewijk\\\/\"]}]},{\"@type\":\"BreadcrumbList\",\"@id\":\"https:\\\/\\\/rue-oktoberfest.de\\\/nl\\\/koning-lodewijk\\\/#breadcrumb\",\"itemListElement\":[{\"@type\":\"ListItem\",\"position\":1,\"name\":\"Startseite\",\"item\":\"https:\\\/\\\/rue-oktoberfest.de\\\/nl\\\/\"},{\"@type\":\"ListItem\",\"position\":2,\"name\":\"K\u00f6nig Ludwig\"}]},{\"@type\":\"WebSite\",\"@id\":\"https:\\\/\\\/rue-oktoberfest.de\\\/#website\",\"url\":\"https:\\\/\\\/rue-oktoberfest.de\\\/\",\"name\":\"R\u00dc Oktoberfest\",\"description\":\"das R\u00dc Oktoberfest in Essen\",\"potentialAction\":[{\"@type\":\"SearchAction\",\"target\":{\"@type\":\"EntryPoint\",\"urlTemplate\":\"https:\\\/\\\/rue-oktoberfest.de\\\/?s={search_term_string}\"},\"query-input\":{\"@type\":\"PropertyValueSpecification\",\"valueRequired\":true,\"valueName\":\"search_term_string\"}}],\"inLanguage\":\"nl-NL\"}]}<\/script>\n<!-- \/ Yoast SEO plugin. -->","yoast_head_json":{"title":"Koning Ludwig: het feestbier van het R\u00dc Oktoberfest","description":"K\u00f6nig Ludwig Hell is het offici\u00eble festivalbier van het R\u00dc Oktoberfest. Het bier met de diepste wortels in de geschiedenis van het Oktoberfest in M\u00fcnchen.","robots":{"index":"index","follow":"follow","max-snippet":"max-snippet:-1","max-image-preview":"max-image-preview:large","max-video-preview":"max-video-preview:-1"},"canonical":"https:\/\/rue-oktoberfest.de\/nl\/koning-lodewijk\/","og_locale":"nl_NL","og_type":"article","og_title":"Koning Ludwig: het feestbier van het R\u00dc Oktoberfest","og_description":"K\u00f6nig Ludwig Hell is het offici\u00eble festivalbier van het R\u00dc Oktoberfest. Het bier met de diepste wortels in de geschiedenis van het Oktoberfest in M\u00fcnchen.","og_url":"https:\/\/rue-oktoberfest.de\/nl\/koning-lodewijk\/","og_site_name":"R\u00dc Oktoberfest","article_modified_time":"2026-03-24T12:49:57+00:00","twitter_card":"summary_large_image","twitter_misc":{"Geschatte leestijd":"2 minuten"},"schema":{"@context":"https:\/\/schema.org","@graph":[{"@type":"WebPage","@id":"https:\/\/rue-oktoberfest.de\/nl\/koning-lodewijk\/","url":"https:\/\/rue-oktoberfest.de\/nl\/koning-lodewijk\/","name":"Koning Ludwig: het feestbier van het R\u00dc Oktoberfest","isPartOf":{"@id":"https:\/\/rue-oktoberfest.de\/#website"},"datePublished":"2015-06-17T12:35:50+00:00","dateModified":"2026-03-24T12:49:57+00:00","description":"K\u00f6nig Ludwig Hell is het offici\u00eble festivalbier van het R\u00dc Oktoberfest. Het bier met de diepste wortels in de geschiedenis van het Oktoberfest in M\u00fcnchen.","breadcrumb":{"@id":"https:\/\/rue-oktoberfest.de\/nl\/koning-lodewijk\/#breadcrumb"},"inLanguage":"nl-NL","potentialAction":[{"@type":"ReadAction","target":["https:\/\/rue-oktoberfest.de\/nl\/koning-lodewijk\/"]}]},{"@type":"BreadcrumbList","@id":"https:\/\/rue-oktoberfest.de\/nl\/koning-lodewijk\/#breadcrumb","itemListElement":[{"@type":"ListItem","position":1,"name":"Startseite","item":"https:\/\/rue-oktoberfest.de\/nl\/"},{"@type":"ListItem","position":2,"name":"K\u00f6nig Ludwig"}]},{"@type":"WebSite","@id":"https:\/\/rue-oktoberfest.de\/#website","url":"https:\/\/rue-oktoberfest.de\/","name":"R\u00dc Oktoberfest","description":"das R\u00dc Oktoberfest in Essen","potentialAction":[{"@type":"SearchAction","target":{"@type":"EntryPoint","urlTemplate":"https:\/\/rue-oktoberfest.de\/?s={search_term_string}"},"query-input":{"@type":"PropertyValueSpecification","valueRequired":true,"valueName":"search_term_string"}}],"inLanguage":"nl-NL"}]}},"_links":{"self":[{"href":"https:\/\/rue-oktoberfest.de\/nl\/wp-json\/wp\/v2\/pages\/18194","targetHints":{"allow":["GET"]}}],"collection":[{"href":"https:\/\/rue-oktoberfest.de\/nl\/wp-json\/wp\/v2\/pages"}],"about":[{"href":"https:\/\/rue-oktoberfest.de\/nl\/wp-json\/wp\/v2\/types\/page"}],"author":[{"embeddable":true,"href":"https:\/\/rue-oktoberfest.de\/nl\/wp-json\/wp\/v2\/users\/10"}],"replies":[{"embeddable":true,"href":"https:\/\/rue-oktoberfest.de\/nl\/wp-json\/wp\/v2\/comments?post=18194"}],"version-history":[{"count":12,"href":"https:\/\/rue-oktoberfest.de\/nl\/wp-json\/wp\/v2\/pages\/18194\/revisions"}],"predecessor-version":[{"id":22594,"href":"https:\/\/rue-oktoberfest.de\/nl\/wp-json\/wp\/v2\/pages\/18194\/revisions\/22594"}],"wp:attachment":[{"href":"https:\/\/rue-oktoberfest.de\/nl\/wp-json\/wp\/v2\/media?parent=18194"}],"curies":[{"name":"wp","href":"https:\/\/api.w.org\/{rel}","templated":true}]}}

König Ludwig

<div class="wpb-content-wrapper"><p>[vc_row css_animation=&#8221;&#8221; row_type=&#8221;row&#8221; use_row_as_full_screen_section=&#8221;no&#8221; type=&#8221;full_width&#8221; angled_section=&#8221;no&#8221; text_align=&#8221;left&#8221; background_image_as_pattern=&#8221;without_pattern&#8221;][vc_column][vc_column_text]</p>
<h2 style="text-align: center;"> König Ludwig</h2>
<p>[/vc_column_text][vc_empty_space][/vc_column][/vc_row][vc_row css_animation=&#8221;&#8221; row_type=&#8221;row&#8221; use_row_as_full_screen_section=&#8221;no&#8221; type=&#8221;full_width&#8221; angled_section=&#8221;no&#8221; text_align=&#8221;left&#8221; background_image_as_pattern=&#8221;without_pattern&#8221;][vc_column width=&#8221;1/6&#8243;][vc_single_image image=&#8221;15263&#8243; img_size=&#8221;120&#215;120&#8243; style=&#8221;vc_box_shadow_3d&#8221; qode_css_animation=&#8221;&#8221;][/vc_column][vc_column width=&#8221;5/6&#8243;][vc_column_text]</p>
<p style="text-align: center;">Ons festivalbier: Er is geen ander bier,</p>
<p style="text-align: center;">met meer geschiedenis van het Oktoberfest in München dan ons festivalbier:</p>
<p>[/vc_column_text][vc_column_text]</p>
<p style="text-align: center;">Op 12 oktober 1810 werd er een paardenrace gehouden voor de stadspoorten om het huwelijk van kroonprins Ludwig met prinses Therese te vieren. Het festival was een groot succes en is voor herhaling vatbaar.</p>
<p>[/vc_column_text][vc_empty_space height=&#8221;16px&#8221;][/vc_column][/vc_row][vc_row css_animation=&#8221;&#8221; row_type=&#8221;row&#8221; use_row_as_full_screen_section=&#8221;no&#8221; type=&#8221;full_width&#8221; angled_section=&#8221;no&#8221; text_align=&#8221;left&#8221; background_image_as_pattern=&#8221;without_pattern&#8221;][vc_column][vc_column_text]</p>
<p style="text-align: center;">In een 200-jarige geschiedenis leidde dit huwelijk tot het grootste openbare festival ter wereld en tegelijkertijd kreeg de Theresienwiese ook zijn naam.</p>
<p>[/vc_column_text][vc_empty_space height=&#8221;16px&#8221;][vc_column_text]</p>
<p style="text-align: center;">Ondertussen behoort de König Ludwig Brouwerij tot de Warsteiner Brouwerij Group en biedt dus een uitstekende synergie van ondersteuning en traditie.</p>
<p>[/vc_column_text][vc_empty_space height=&#8221;16px&#8221;][vc_column_text]</p>
<p style="text-align: center;">Als organisatoren van het Rü Oktoberfest zijn we erg trots om een bier van de tap te hebben met zo&#8217;n bepalende Oktoberfestgeschiedenis!</p>
<p>[/vc_column_text][/vc_column][/vc_row][vc_row css_animation=&#8221;&#8221; row_type=&#8221;row&#8221; use_row_as_full_screen_section=&#8221;no&#8221; type=&#8221;full_width&#8221; angled_section=&#8221;no&#8221; text_align=&#8221;left&#8221; background_image_as_pattern=&#8221;without_pattern&#8221;][vc_column][vc_empty_space height=&#8221;64px&#8221;][/vc_column][/vc_row]</p>
</div>

<p>[vc_row css_animation=&#8221;&#8221; row_type=&#8221;row&#8221; use_row_as_full_screen_section=&#8221;no&#8221; type=&#8221;full_width&#8221; angled_section=&#8221;no&#8221; text_align=&#8221;left&#8221; background_image_as_pattern=&#8221;without_pattern&#8221;][vc_column][vc_column_text] König Ludwig [/vc_column_text][vc_empty_space][/vc_column][/vc_row][vc_row css_animation=&#8221;&#8221; row_type=&#8221;row&#8221; use_row_as_full_screen_section=&#8221;no&#8221; type=&#8221;full_width&#8221; angled_section=&#8221;no&#8221; text_align=&#8221;left&#8221; background_image_as_pattern=&#8221;without_pattern&#8221;][vc_column width=&#8221;1/6&#8243;][vc_single_image image=&#8221;15263&#8243; img_size=&#8221;120&#215;120&#8243; style=&#8221;vc_box_shadow_3d&#8221; qode_css_animation=&#8221;&#8221;][/vc_column][vc_column width=&#8221;5/6&#8243;][vc_column_text] Ons festivalbier: Er is geen ander bier, met meer geschiedenis van het Oktoberfest in München dan ons festivalbier: [/vc_column_text][vc_column_text] Op 12&#8230;</p>

<!-- This site is optimized with the Yoast SEO plugin v27.4 - https://yoast.com/product/yoast-seo-wordpress/ -->
<title>Koning Ludwig: het feestbier van het RÜ Oktoberfest</title>
<meta name="description" content="König Ludwig Hell is het officiële festivalbier van het RÜ Oktoberfest. Het bier met de diepste wortels in de geschiedenis van het Oktoberfest in München." />
<meta name="robots" content="index, follow, max-snippet:-1, max-image-preview:large, max-video-preview:-1" />
<link rel="canonical" href="https://rue-oktoberfest.de/nl/koning-lodewijk/" />
<meta property="og:locale" content="nl_NL" />
<meta property="og:type" content="article" />
<meta property="og:title" content="Koning Ludwig: het feestbier van het RÜ Oktoberfest" />
<meta property="og:description" content="König Ludwig Hell is het officiële festivalbier van het RÜ Oktoberfest. Het bier met de diepste wortels in de geschiedenis van het Oktoberfest in München." />
<meta property="og:url" content="https://rue-oktoberfest.de/nl/koning-lodewijk/" />
<meta property="og:site_name" content="RÜ Oktoberfest" />
<meta property="article:modified_time" content="2026-03-24T12:49:57+00:00" />
<meta name="twitter:card" content="summary_large_image" />
<meta name="twitter:label1" content="Geschatte leestijd" />
	<meta name="twitter:data1" content="2 minuten" />
<script type="application/ld+json" class="yoast-schema-graph">{"@context":"https:\/\/schema.org","@graph":[{"@type":"WebPage","@id":"https:\/\/rue-oktoberfest.de\/nl\/koning-lodewijk\/","url":"https:\/\/rue-oktoberfest.de\/nl\/koning-lodewijk\/","name":"Koning Ludwig: het feestbier van het RÜ Oktoberfest","isPartOf":{"@id":"https:\/\/rue-oktoberfest.de\/#website"},"datePublished":"2015-06-17T12:35:50+00:00","dateModified":"2026-03-24T12:49:57+00:00","description":"König Ludwig Hell is het officiële festivalbier van het RÜ Oktoberfest. Het bier met de diepste wortels in de geschiedenis van het Oktoberfest in München.","breadcrumb":{"@id":"https:\/\/rue-oktoberfest.de\/nl\/koning-lodewijk\/#breadcrumb"},"inLanguage":"nl-NL","potentialAction":[{"@type":"ReadAction","target":["https:\/\/rue-oktoberfest.de\/nl\/koning-lodewijk\/"]}]},{"@type":"BreadcrumbList","@id":"https:\/\/rue-oktoberfest.de\/nl\/koning-lodewijk\/#breadcrumb","itemListElement":[{"@type":"ListItem","position":1,"name":"Startseite","item":"https:\/\/rue-oktoberfest.de\/nl\/"},{"@type":"ListItem","position":2,"name":"König Ludwig"}]},{"@type":"WebSite","@id":"https:\/\/rue-oktoberfest.de\/#website","url":"https:\/\/rue-oktoberfest.de\/","name":"RÜ Oktoberfest","description":"das RÜ Oktoberfest in Essen","potentialAction":[{"@type":"SearchAction","target":{"@type":"EntryPoint","urlTemplate":"https:\/\/rue-oktoberfest.de\/?s={search_term_string}"},"query-input":{"@type":"PropertyValueSpecification","valueRequired":true,"valueName":"search_term_string"}}],"inLanguage":"nl-NL"}]}</script>
<!-- / Yoast SEO plugin. -->

Koning Ludwig: het feestbier van het RÜ Oktoberfest

König Ludwig Hell is het officiële festivalbier van het RÜ Oktoberfest. Het bier met de diepste wortels in de geschiedenis van het Oktoberfest in München.

RÜ Oktoberfest

das RÜ Oktoberfest in Essen
